 digit of 22680629?
9
What is the tens digit of 290066?
6
What is the units digit of 243238?
8
What is the units digit of 718112?
2
What is the hundred thousands digit of 15998593?
9
What is the hundreds digit of 198849?
8
What is the tens digit of 365378?
7
What is the thousands digit of 438165?
8
What is the hundreds digit of 16071031?
0
What is the units digit of 19407?
7
What is the tens digit of 72559?
5
What is the tens digit of 2314784?
8
What is the thousands digit of 426881?
6
What is the units digit of 526820?
0
What is the hundreds digit of 1405471?
4
What is the thousands digit of 1471795?
1
What is the thousands digit of 652091?
2
What is the units digit of 1173713?
3
What is the ten thousands digit of 21318988?
1
What is the thousands digit of 235666?
5
What is the thousands digit of 1766944?
6
What is the thousands digit of 4455934?
5
What is the units digit of 3528134?
4
What is the millions digit of 3648668?
3
What is the tens digit of 57589?
8
What is the units digit of 358738?
8
What is the tens digit of 12310663?
6
What is the units digit of 269245?
5
What is the units digit of 14095?
5
What is the hundred thousands digit of 112557?
1
What is the ten thousands digit of 250810?
5
What is the tens digit of 396974?
7
What is the units digit of 164944?
4
What is the tens digit of 346224?
2
What is the hundreds digit of 35218?
2
What is the ten thousands digit of 2459615?
5
What is the thousands digit of 48019?
8
What is the thousands digit of 51986?
1
What is the hundred thousands digit of 1416264?
4
What is the ten thousands digit of 678334?
7
What is the ten thousands digit of 55567?
5
What is the ten thousands digit of 253849?
5
What is the hundred thousands digit of 6942990?
9
What is the thousands digit of 1390664?
0
What is the tens digit of 149650?
5
What is the hundred thousands digit of 5426583?
4
What is the units digit of 5082586?
6
What is the hundreds digit of 20157?
1
What is the thousands digit of 78404?
8
What is the tens digit of 2030360?
6
What is the ten thousands digit of 21396229?
9
What is the hundred thousands digit of 3627191?
6
What is the hundreds digit of 12728513?
5
What is the units digit of 5792967?
7
What is the ten thousands digit of 12346825?
4
What is the hundreds digit of 241358?
3
What is the hundred thousands digit of 660947?
6
What is the tens digit of 1439969?
6
What is the ten thousands digit of 14828704?
2
What is the tens digit of 640288?
8
What is the units digit of 593230?
0
What is the hundred thousands digit of 7635310?
6
What is the tens digit of 750396?
9
What is the thousands digit of 794529?
4
What is the hundreds digit of 211966?
9
What is the units digit of 650964?
4
What is the units digit of 313392?
2
What is the hundreds digit of 9258214?
2
What is the hundreds digit of 8272224?
2
What is the hundreds digit of 1689392?
3
What is the hundreds digit of 241159?
1
What is the hundred thousands digit of 6937330?
9
What is the millions digit of 6679419?
6
What is the tens digit of 90857?
5
What is the tens digit of 3641770?
7
What is the hundred thousands digit of 9913849?
9
What is the hundreds digit of 428407?
4
What is the hundred thousands digit of 7263582?
2
What is the tens digit of 607261?
6
What is the tens digit of 250160?
6
What is the tens digit of 1508304?
0
What is the tens digit of 302503?
0
What is the ten thousands digit of 15454514?
5
What is the thousands digit of 238950?
8
What is the thousands digit of 1247963?
7
What is the hundred thousands digit of 699789?
6
What is the tens digit of 329804?
0
What is the units digit of 17641715?
5
What is the millions digit of 29731914?
9
What is the hundreds digit of 340318?
3
What is the hundred thousands digit of 791689?
7
What is the ten thousands digit of 254884?
5
What is the ten thousands digit of 15936003?
3
What is the units digit of 1699815?
5
What is the units digit of 1490386?
6
What is the thousands digit of 16214785?
4
What is the hundred thousands digit of 532781?
5
What is the ten thousands digit of 26272976?
7
What is the units digit of 3805883?
3
What is the hundreds digit of 637539?
5
What is the hundred thousands digit of 210856?
2
What is the hundreds digit of 11365067?
0
What is the hundreds digit of 2206129?
1
What is the tens digit of 162873?
7
What is the tens digit of 218592?
9
What is the hundreds digit of 2161450?
4
What is the tens digit of 16121567?
6
What is the millions digit of 4232593?
4
What is the tens digit of 659229?
2
What is the thousands digit of 16390771?
0
What is the millions digit of 1949282?
1
What is the tens digit of 262840?
4
What is the hundred thousands digit of 34166698?
1
What is the units digit of 1310080?
0
What is the tens digit of 770000?
0
What is the thousands digit of 199225?
9
What is the units digit of 1087159?
9
What is the units digit of 11927309?
9
What is the hundreds digit of 45870?
8
What is the thousands digit of 1257330?
7
What is the millions digit of 6778587?
6
What is the thousands digit of 316275?
6
What is the thousands digit of 8274950?
4
What is the tens digit of 3540369?
6
What is the hundreds digit of 2039514?
5
What is the hundred thousands digit of 204901?
2
What is the hundred thousands digit of 548773?
5
What is the hundreds digit of 229922?
9
What is the ten thousands digit of 532840?
3
What is the thousands digit of 311040?
1
What is the thousands digit of 203548?
3
What is the hundred thousands digit of 468503?
4
What is the units digit of 1940588?
8
What is the hundred thousands digit of 1329854?
3
What is the hundred thousands digit of 454991?
4
What is the units digit of 921982?
2
What is the units digit of 281811?
1
What is the thousands digit of 32152?
2
What is the hundreds digit of 322923?
9
What is the hundreds digit of 874368?
3
What is the tens digit of 270140?
4
What is the ten thousands digit of 359228?
5
What is the hundred thousands digit of 328183?
3
What is the hundreds digit of 419613?
6
What is the ten thousands digit of 25803054?
0
What is the ten thousands digit of 2803526?
0
What is the millions digit of 14793242?
4
What is the hundred thousands digit of 374593?
3
What is the thousands digit of 755611?
5
What is the hundred thousands digit of 568613?
5
What is the tens digit of 229837?
3
What is the tens digit of 684784?
8
What is the ten thousands digit of 15278150?
7
What is the hundred thousands digit of 650148?
6
What is the units digit of 6814?
4
What is the thousands digit of 20666?
0
What is the tens digit of 280242?
4
What is the hundred thousands digit of 392376?
3
What is the tens digit of 3320638?
3
What is the hundred thousands digit of 1603182?
6
What is the hundreds digit of 4424782?
7
What is the units digit of 1167737?
7
What is the hundred thousands digit of 255854?
2
What is the ten millions digit of 15929020?
1
What is the thousands digit of 718953?
8
What is the tens digit of 9247014?
1
What is the units digit of 124409?
9
What is the units digit of 2409629?
9
What is the hundred thousands digit of 263284?
2
What is the millions digit of 12522077?
2
What is the thousands digit of 673861?
3
What is the thousands digit of 26357466?
7
What is the ten thousands digit of 1663595?
6
What is the hundred thousands digit of 274705?
2
What is the units digit of 3444380?
0
What is the hundreds digit of 848961?
9
What is the thousands digit of 18408970?
8
What is the ten thousands digit of 1359034?
5
What is the ten thousands digit of 4539853?
3
What is the hundred thousands digit of 7603294?
6
What is the units digit of 176499?
9
What is the ten thousands digit of 1905503?
0
What is the millions digit of 1854448?
1
What is the hundreds digit of 6912319?
3
What is the thousands digit of 216576?
6
What is the ten thousands digit of 30726966?
2
What is the tens digit of 57089?
8
What is the hundred thousands digit of 129991?
1
What is the tens digit of 3947729?
2
What is the hundred thousands digit of 6878674?
8
What is the millions digit of 2529585?
2
What is the ten thousands digit of 5224423?
2
What is the thousands digit of 530352?
0
What is the tens digit of 2099648?
4
What is the tens digit of 10250440?
4
What is the units digit of 51316?
6
What is the tens digit of 263322?
2
What is the millions digi